he prime factors of g.
2, 283
Let l be (33/15 - 3)*(-25)/10. Suppose 5*v - 553 = -l*s, 3*s = 2*v - 300 + 1101. What are the prime factors of s?
269
Let t = 216 + -303. Let k be 2 - (1/(-1) - 141). Let l = k + t. List the prime factors of l.
3, 19
Suppose 4*r + 88 = -4*d, -5*r + 24*d = 22*d + 124. List the prime factors of r/7*(-434)/93.
2
Suppose 270 - 1270 = -l. Suppose 5*g - 3*m = 1337, 3*g - 5*m + 201 - l = 0. What are the prime factors of g?
2, 67
Let i(b) = -b**3 + 18*b**2 - 2*b + 10. Let d be i(15). Suppose 5*f - d = 5*t, -t = -2*f + 157 + 109. What are the prime factors of f?
3, 5
Let u(q) = 57*q**3 - q**2 - q. Let n be u(1). Let x = -52 + n. What are the prime factors of 790/10 + x*1?
2, 41
Let s be ((-9)/(-6) + 1)/((-10)/(-3340)). Suppose -8*f + 909 = -s. List the prime factors of 2*(f/4 + 2).
113
Let t(f) = 4137*f - 4025. List the prime factors of t(10).
5, 7, 11, 97
Let i(x) = x**2 + 10*x - 10. Let d be i(-12). Suppose -f - d*g = -10*g + 19, g + 4 = -f. List the prime factors of 132/9*(f + 5).
2, 11
Let b(k) = 10*k**3 - 2*k**2 + 2*k - 1. Let n be b(1). Let x = n + -7. Suppose 0 = -3*r + x*r + 103. What are the prime factors of r?
103
Suppose 3*u + 0 = 9. Let w = 847 + -845. Suppose w*s - 18 = 4*m, 3*s - u*m - 32 = 2*m. What are the prime factors of s?
19
Let r(h) = h**3 + 26*h**2 + 65*h - 3. Let w be r(-7). Let k = w + 14. List the prime factors of k.
487
Let k(w) = 2*w**3 - 24*w**2 - 54*w - 22. What are the prime factors of k(19)?
2, 2003
Suppose -14*q = -3*q. Suppose -15*r + 0*r - 135 = q. Let w(n) = 5*n**2 + 18*n - 29. What are the prime factors of w(r)?
2, 107
Suppose -5*d = -6*d - 2*d. Suppose 2*c - 3*c + 282 = d. Suppose 6*g - c - 1368 = 0. List the prime factors of g.
5, 11
Suppose 4*v + 521 = 5*u, 7*v = 4*u + 12*v - 384. Let k = u - 86. Suppose -k*m + 0*m = -2295. List the prime factors of m.
3, 17
Suppose -5*r - 2*m = -1, 2*r + 5 = -4*m - 1. Let b(p) be the third derivative of 5*p**4/24 + p**3/6 + p**2. List the prime factors of b(r).
2, 3
Let t be 14 + (5 + -1 - 5). Suppose -t*i - 6909 = -16*i. Suppose -9*x = 404 - i. What are the prime factors of x?
211
Suppose -5*q + 54507 = 4*g - 3756, 2*g + 6 = 0. List the prime factors of q.
3, 5, 7, 37
Suppose 15*u = 6*u + 32832. Let o = u - 2250. What are the prime factors of o?
2, 3, 233
Let p = 13 + -10. Suppose 0 = -p*a + 3*b + 42, 3*a - a + 2*b = 20. List the prime factors of (2 - (-128)/a)*3.
2, 19
Let c = 702 + -674. Suppose c*j = -3541 + 26333. List the prime factors of j.
2, 11, 37
Let m(w) be the second derivative of 97*w**7/2520 - w**5/120 + 7*w**4/12 + 9*w. Let u(g) be the third derivative of m(g). List the prime factors of u(-1).
2, 3
Let b(m) = -11*m + 12 + 10*m + 23*m + 7. Let g be b(2). Let j = 141 - g. List the prime factors of j.
2, 3, 13
Let o = 27910 + -18013. What are the prime factors of o?
3, 3299
Let u(k) be the first derivative of -47*k**4/4 - 5*k**3/3 - 7*k**2/2 + 5*k - 139. What are the prime factors of u(-2)?
3, 5
Let d(m) be the third derivative of -153*m**4/8 + m**3/3 - 2*m**2. List the prime factors of d(-1).
461
What are the prime factors of 0/((1/(-3))/((-1)/(-3))) + 25412?
2, 6353
Let m(r) be the second derivative of 2*r**4/3 + 21*r**3/2 + 4*r**2 - 12*r + 5. What are the prime factors of m(-13)?
541
Let f be (-4 - -4) + 6/2. Let l(p) = -392*p + 4*p**2 + 391*p - 1 + 13*p**2 + 4. What are the prime factors of l(f)?
3, 17
Let f = 384 - -130. Suppose 0 = 2*v + 5*h - f, -2*v - 805 = -5*v + h. Let z = v - 168. List the prime factors of z.
3, 11
Let t(y) = 2506*y + 132. What are the prime factors of t(12)?
2, 3, 839
Let q be (-128)/160 - (-19)/5. Let i = 138 - -169. Suppose -5*b - 3*w + i = -w, 3*w - 177 = -q*b. List the prime factors of b.
3, 7
List the prime factors of (78/(-18))/((4/882)/((-28)/3)).
2, 7, 13
Suppose 11*n = -3878 - 44764. What are the prime factors of ((-4)/6)/(44/n)?
67
Suppose 9 = 3*f, -7 = 2*a - 3*f - 2. Suppose 141 = a*z - 265. List the prime factors of z.
7, 29
Suppose 2*n = 0, -4*o + 3*o + 3*n = -5. Suppose -4*r - 174 = -2*t, 2*t + t = o*r + 217. Let m = 138 + r. What are the prime factors of m?
2, 47
Let q = -78 + -206. Let y = -552 + 350. Let r = y - q. List the prime factors of r.
2, 41
Let f(i) be the second derivative of 71*i**4/6 + 4*i**3/3 - 11*i**2/2 - 2*i - 10. What are the prime factors of f(2)?
3, 191
Let d(g) = g**2 + 5*g + 1. Let h be d(-5). Suppose 81*u = 88*u - 574. What are the prime factors of u + 5 + h + -5?
83
Let o(k) = 27*k**2 + 9*k - 75. Let p be ((-5)/3)/((-16)/48). List the prime factors of o(p).
3, 5, 43
Let h = 19214 - 9847. What are the prime factors of h?
17, 19, 29
Suppose -16270 = 373*m - 383*m. List the prime factors of m.
1627
Suppose 4*v + v = -4*s + 292, -s + 171 = 3*v. Let k be 286/(-6) + (-4)/12. Let f = v + k. List the prime factors of f.
2
Let w = -463 + 716. Let z = w - 24. What are the prime factors of z?
229
Suppose 4*y + q = -5, y - q = -2*q + 1. Let d be y/13 - (-279)/39. Let s(m) = m**3 - 9*m**2 + 14*m + 16. What are the prime factors of s(d)?
2
List the prime factors of 9228 + (-32)/(-14)*7.
2, 2311
Let b(v) = -v + 5. Let o be b(3). Let p be (-18 - 114)*o/(-6). Let h = 159 - p. List the prime factors of h.
5, 23
Let o(z) = 17*z + 8. Let k be o(16). Let q = -227 + k. What are the prime factors of q?
53
Let t(i) = 38*i**2 - 5*i - 6. Let n(k) = -k**2 - 3*k + 22. Let y be n(6). Let j = y - -30. List the prime factors of t(j).
2, 3, 13
Suppose 0 = 9*r + 29 + 43. Let v(z) be the second derivative of -7*z**3/3 + 21*z**2/2 + 3*z. What are the prime factors of v(r)?
7, 19
Let h(n) = 2*n + 10. Let k be h(-5). Suppose 2*o - 5*u - 441 = -k*o, u + 873 = 4*o. Let v = o + -153. List the prime factors of v.
5, 13
Let z(b) be the first derivative of -b**4/4 + b**2/2 + b + 21. Let j be z(0). List the prime factors of 194 + (24 + j)/(-5).
3, 7
Let q = -853 - -2253. Suppose -w + 3*w = 3*k - q, 0 = -k - 5*w + 461. List the prime factors of k.
2, 233
What are the prime factors of ((-194)/6)/(8080/24300 - 2/6)?
3, 5, 97
Let o(m) = -261*m + 1074. Let s be o(4). Suppose -4*q + 4*i + 68 = -44, 0 = 5*q + 2*i - 126. Suppose -q*v = -s*v + 128. What are the prime factors of v?
2
Let v = -19 - -20. Let d be (-19)/v*-2 - (0 + 3). Let y = d - -54. What are the prime factors of y?
89
Let l(s) = -2*s - 10. Let q be l(7). Let j = -21 - q. Suppose j*g - 810 = -7*g. List the prime factors of g.
3
Let p(i) = -i**3 - 2*i**2 + 8*i + 4. Let w be p(-4). Suppose w*t - h - 3275 = 0, -26*t + 27*t - 5*h - 814 = 0. What are the prime factors of t?
3, 7, 13
Let d be 952/(-102)*(-3)/(-2). List the prime factors of 582/(-4)*4/(d/7).
3, 97
Suppose -6*t - c + 11 = -2*t, -4*t = -3*c - 15. Suppose t*i - 503 = 16. List the prime factors of i.
173
Let v(o) be the second derivative of -o**3/3 + 3*o**2/2 + 15*o. Let t be v(0). Suppose 102 = -c + 3*c + t*m, 0 = 3*c + m - 160. List the prime factors of c.
2, 3
Suppose 5*r = -3*c + 4*c + 151835, 3*r = -c + 91109. List the prime factors of r.
2, 13, 73
Let s be 1 + 3 - (-4 - -4). Let i be (-5180)/(-308) - (-1 - (-18)/22). Suppose -s*v + 27 = -i. List the prime factors of v.
11
Let s = 5136 - -2974. What are the prime factors of s?
2, 5, 811
Suppose 2*z + 3*u = 11188, 5*z - 19792 = u + 8161. What are the prime factors of z?
5591
Suppose -11*r + 1746 = -5*r. Suppose r = p - 1147. Suppose -p = -8*t - 254. What are the prime factors of t?
2, 37
Suppose 5*g = -y - 2*y + 5, y = -g - 1. Suppose 0 = g*k + 3*x - 593, -2*k - 3*x = -6*x - 319. What are the prime factors of k?
2, 19
Suppose -6640 = -90*r + 98*r. Let q = r - -1348. List the prime factors of q.
2, 7, 37
What are the prime factors of 5623583/784 + 3/48?
3, 797
Suppose 3*d - 6*d - 108 = 0. Let t = d + 34. List the prime factors of 5*t/1*-2.
2, 5
Let z(l) be the first derivative of -103*l**2 - 40*l - 27. Let f be z(-5). Suppose -3*h = n - 590, -3*h + 5*n + f = 2*h. List the prime factors of h.
197
Let c = 20 - 23. Let t be 1462/16 + c/8. Suppose -t - 225 = -4*x. What are the prime factors of x?
79
List the prime factors of (0 + 5263032/(-64) - 3/24)/(-1).
5, 16447
Suppose -54*w = -50*w + 60. Let t be (1 + (7 - 3))*(-39)/w. List the prime factors of t/3*24*12/8.
2, 3, 13
Let t be 4/(-10) + 423/(-5). Suppose 78*i - 73*i + 4*u - 607 = 0, -u + 241 =